+ 421 - (7 + -7 - 36))
10
Evaluate 8 + 2 + (19 - 22) + 58 - 14.
51
What is the value of -66 - (1 - 7 - (62 + -101 + 44) - -11)?
-66
-130 + 124 + (-2 + 2 - -2) + 2
-2
What is 460 + -446 + (-9 - -2) - -9?
16
(-1 - 14 - 3) + (6 + -16 - -17) + -17
-28
1426 + -1478 + -1 + 45
-8
What is 15 + -2 + (3 - (-5 - -11)) + 12?
22
What is the value of -45 + -25 + (73 - -5)?
8
80 + -2 + -1442 + 1373
9
(91 - (94 + -30)) + (-9 - 121)
-103
8 - (17 - 6 - (-19 + 16))
-6
What is the value of 17 + 0 - (329 + -338) - (0 + (3 - 2))?
25
What is 0 + 12 + -1 + (-2 - -2) + 190 + -272?
-71
Evaluate -57 - ((84 - 98) + -41).
-2
Calculate 148 + -70 + (-56 - -38).
60
What is the value of -19 - 7 - -4 - (-9 - (4 - 8) - -1)?
-18
Calculate 636 + -683 + (129 - 13).
69
(24 + (20 - 36) - ((0 - -1) + 7)) + 0
0
Calculate 28 + (15 - 31) - (2 + -3 + 2 - -100).
-89
(-2 - -11 - (3394 - 3399)) + 1 + -127
-112
What is -8 + 80 + -20 + (14 - 9)?
57
(-3 + -1 - (-3 + 6)) + (20 - 23) - -4
-6
Evaluate (-15 + -3 - (27 - 41 - (-14 + 1))) + 10.
-7
What is 86 + (-37 - 81) + 65?
33
-21 + (-19 - (1 - 14)) + 3 - 11
-35
43 + (-4 + 15 - -37 - 24) + -22
45
What is -1 + 56 + -5 - (-1 + 11 + -10) - 9?
41
What is the value of 32 + (-1 - 111) + (5 + -6 - -5) + 0?
-76
What is -2 - ((114 - 52) + -50)?
-14
What is -9 - (-2 - (3 + -2)) - (455 + -506)?
45
(-3 - -22) + -3 + 2 + -1 + -40 + 38
15
What is (-39 - -23) + 25 + 4 + -1 + -47?
-35
Calculate -11 + (-13 - (-52 + -2)).
30
Evaluate (-48 - 13) + -5 + 3 - (1 + 0 + -10).
-54
Calculate -6 + -39 + 16 + 40.
11
-110 + 189 - (32 - -1)
46
-29 - ((-36 - -21) + -45)
31
Calculate -2 + 6 + 37 - -7.
48
(4 - (-6 + (-4 - 0))) + (-131 - -176)
59
What is -24 - -4 - (-143 - -135) - -7?
-5
Calculate 81 - (-106 + -33 + 247).
-27
What is 2 + 2 - (109 + -2) - (9 + (-7 - 4))?
-101
Evaluate -7310 + 7315 - (-1 + (-2 - -16)).
-8
Evaluate (46 - -3) + 9 + -72 + 104.
90
What is -7 + 11 + 25 + -22 + -4?
3
What is (-64 - -26) + 15 + (0 - 4)?
-27
What is the value of -11 - 74 - -115 - (61 + 1)?
-32
What is 73 - 36 - (-53 - -75)?
15
Calculate -1 + (5 + (-22 - (0 - (11 - 2))) - 36).
-45
What is -1 + (-96 - -42) + 88?
33
Calculate -8 - ((-60 - -127) + -116).
41
Calculate 12 + (21 - 42) - 9.
-18
-43 - (116 + -83 + -40)
-36
What is (-338 - -355 - (4 - -12)) + 14?
15
Evaluate 1 + (-1 - 7) - ((-1 - 2) + -68 + 103).
-39
What is -5 - (8 + -2 + (1 - -2)) - (-5 + 14)?
-23
What is -4 - ((-3 - (9 - 3 - -1)) + 8 - 81)?
79
What is the value of (-5 - (-1 + -24 + 5 + 7)) + -13 + -67?
-72
Evaluate (2 - -6 - 30) + (-59 - -66).
-15
Calculate -3 - -3 - (1 - -33) - (-6 - 0).
-28
What is (-3 - -33) + (-30 - -6)?
6
(-7 - -1) + (9 - 12) + (120 - 24)
87
What is the value of 9 - (6 - -4) - (2 - 53)?
50
Evaluate -652 + 673 + (-72 - 1).
-52
What is -86 + 131 + (-94 - -147)?
98
What is -2 + -1 + -1614 + 1580?
-37
What is the value of 83 - (-23 + (208 - 83))?
-19
18 - (-154 - -143 - (12 + 0))
41
Calculate -33 + 51 + -29 - (-28 - -4).
13
-14 - (-158 - -146 - (-8 + 2 - -54))
46
Evaluate (24 - (-1 - -6 - -2)) + (-439 - -422).
0
What is the value of -7 - (6 - 40) - (87 + -78)?
18
Evaluate 32 + (-52 - -36) - (9 - 2).
9
Calculate 29 + 2 - (97 - 66 - 22).
22
What is (-43 - 2 - -6) + (4 - -4) - (-30 - -41)?
-42
What is the value of -2 - (24 - 26) - 27?
-27
What is the value of -5 - (21 + 11 + -9 + -5 - -9)?
-32
Evaluate -2 + -2 + 1 - -42 - (55 + 10 + -56).
30
What is (28 - (12 + (6 - 20) + -9)) + -1?
38
(4 - 3) + -8 + (-4 - (4 + 6) - 8)
-29
What is the value of 76 - (-15 - (2 + -4) - (8 + -17 + -16))?
64
Evaluate -38 + (9 - -21 - -11) - -38.
41
Evaluate 71 - (-51 + (38 - 1 - 26)).
111
61 + (81 - 180) + -12 + 2 + (0 - -1)
-47
What is -4 - (-5 - (-7 - 1 - -6)) - 37 - 8?
-46
Evaluate 1 + -14 + -24 + 48 + 1 - (78 + -6).
-60
What is -12 - (-116 - -59 - (-1 + -13))?
31
What is the value of (114 - 165 - 2) + 14 + 0 + -1?
-40
What is -103 + (-44 + 29 - 14) + 15?
-117
What is the value of (12 + 14 - 6) + (-137 - (-33 - -13))?
-97
Calculate -321 + 282 - (3 + 1 + -4).
-39
Evaluate -4 + 11 + 12 + -10 + -50 - -12.
-29
Evaluate (-7 - -13) + 3 + -58 + (-3 - 0 - -11).
-41
What is the value of (7 - 7) + -12 - (12 + 9 + 0 + -2)?
-31
-12 + -5 + (-4 - 5 - (1 + (-3 - -2)))
-26
Calculate (-4 - 19) + 3 + 8 + (-10 - (-5 - -11)).
-28
What is the value of (9 - (10 - 21)) + -8 + 26?
38
-1 - (6 - 32 - -53) - -5
-23
Calculate -16 + -2 - (-2 - 3 - (26 + -10 - 12)).
-9
Calculate (-243 - -476) + 10 + -134.
109
Evaluate -51 + 11 + 33 - -49.
42
What is (-29 - 12) + 26 + -33 - -14?
-34
Calculate -8 + (-37 + (-14 - 7) - -30).
-36
(-17 - -15 - 10) + 5 + -6 + 12 - 13
-14
What is 102 - (-145 - -272) - -79?
54
What is the value of (-4 - (-30 - -35)) + 5 + (-6 - -57)?
47
Evaluate (70 + -56 - (-1 - -20 - -4)) + -3.
-12
What is (22 - -14 - 21) + 0 - -5?
20
Calculate 11 + 114 + (21 - 31) - (-3 - (2 - 3)).
117
1 - ((-3 + -7 - 16) + 91)
-64
Evaluate 56 + (-49 - 49) + 47.
5
-31 + (-9 - -1) + (-285 - -322)
-2
45 - -2 - (274 + -263 - (25 - -2))
63
Calculate 9 + 25 + -25 + -48.
-39
Calculate -97 + -12 - (-241 + 167).
-35
What is (0 - (2 + (-4 - -6))) + (3 - (-4 - -47))?
-44
What is (-26 - -16) + -39 - -57?
8
Evaluate 7 - (-9 + (0 - -1) + 11) - (-24 - 29).
57
-17 + -1 - (-34 - (10 + -30 + 4))
0
Evaluate 2 + 78 + (-29 + -37 - -98).
112
What is the value of (170 - 191) + (6 - (-76 + 1))?
60
Calculate (1 - -40) + (307 - 265 - (49 + -2)).
36
-105 + 91 + -2 - (-105 + 2)
87
-21 + 14 + 67 + -5 + 3
58
0 + (-109 - (-15 + 2))
-96
What is the value of -1 + 13 - (4444 - 4468)?
36
What is the value of 3 - -3 - -50 - (2 + -7 + 94 + -91)?
58
14 + (9 - (-17 - -6 - -33) - 0) + -83
-82
Evaluate (-43 - -34 - -40) + 12.
43
What is the value of 38 + -50 + (-6 - 0 - (20 - -46))?
-84
What is -62 + -44 + -31 + 100?
-37
Evaluate -10 + (28 - 30 - 0 - (-1 + -7)) + 7.
3
What is the value of -1 - (-15 + (0 - -111))?
-97
Calculate -15 + 17 + -5 - (1 + -4 - (-1 + 4)).
3
Calculate 1 + 20 + (-1 - -1 - (-113 - -100)).
34
Calculate (-4 - -31 - 6) + 185 + -190.
16
Evaluate -8 - (0 - (58 + -30) - (-9 - 3)).
8
1 + -24 - (176 + -193)
-6
What is (-123 - (19 + -157)) + 57 + -3?
69
What is 3 + -30 + (5 - 12 - -1)?
-33
What is 4 - (-4 + 0 - -6) - (16 + -41 + 56)?
-29
Evaluate -35 + (8 - 7 - (9 + 49)).
-92
Calculate 22 + (12 - (0 + 21)) - 18.
-5
Evaluate -4 - (-103 + (84 - -21) - (-1 + 22)).
15
-30 + (-34 - -28) + 16
-20
Evaluate 0 - -20 - (-347 + 401).
-34
What is 19 + -1 + 344 + -273 + 29?
118
Evaluate -78 + (79 - 74) + 145.
72
What is -56 + (86 - (91 + -9))?
-52
Evaluate -20 + 4 + 34 + -62.
-44
Calculate 0 + (-51 - -140) + -69.
20
Calculate -276 - -167 - -141 - (1 + -1 - 4).
36
What is the value of 9 + -32 + 23 + -11 + -13?
-24
-22 + (31 + -25 - (-6 + 6 + -3 + 0))
-13
Calculate (0 - -12) + 1 + (0 - (-27 + 18)).
22
What is the value of 0 - ((2 - -5) + 20) - 5?
-32
Calculate -21 - (-1 + -16 + 2 + 9) - -10 - -58.
53
What is the value of 53 - (20 - (43 + -43))?
33
What is the value of (-1 - 30) + 266 + -269?
-34
Calculate 463 + -426 - (-19 + (-2 - -4) - (-1 + -5)).
48
What is the value of (8 + (-33 - 2) - -17) + 58?
48
Calculate 9 - (10 + -1 - (-450 - -412) - (8 + 4)).
-26
What is -22 - (-60 + (-28 - -84))?
-18
Calculate 3 - (9 + 4 - (21 + -22)) - 10.
-21
What is (29 - 23) + -12 - (-135 + 19)?
110
What is -197 - (-55 + -12) - -252?
122
Evaluate -25 - -5 - -2 - (-62 - -47).
-3
What is -9 + 9 + (-1 - -160 - (-4 - -25))?
138
What is the value of (16 - (-4 + 4 - -6)) + (-56 - -5)?
-41
Evaluate -58 - (6 + -7 + 13 - 28 - -29).
-71
What is the value of 91 + -227 + (-20 - (-37 - 17))?
-102
12 - (-21 + 16 + -35 - 17) - (-1 - -2)
68
Evaluate 20 + -51 + 149 + -72 + (0 - 15).
31
What is the value of 39 - 4 - (-311 + 353)?
-7
-10 + (0 - -25 - (-173 - -202))
-14
434 + -419 + (-9 - -1) + 9 - -101
117
Evaluate (-29 - (9 + -67)) + -13 + 2.
18
Evaluate 49 - (90 - (-50 + 67)).
-24
Evaluate -23 + 29 + -29 + 37 + 48.
62
What is the value of -10 + -13 - (-1 - (-6 + (3 - -1)) - -8)?
-32
(88 - (-125 + 90)) + -40
83
Calculate 253 - 114 - 120 - (-1 - (2 + -2)).
20
What is (-70 - 63) + 73 - (-4 + (10 + 1 - -4))?
-71
(30 + 2 - 3) + 0 + -63 + 57
23
(-114 - -85) + (3 + -4 - -3 - 1)
-28
What is (20 - -2) + -2 - -15 - -7?
42
What is the value of 0 + -46 + (7 - -18) + 19 + -49?
-51
Calculate -169 + 141 + -6 + 77.
43
Evaluate 2 + 1 - (-75 + (25 - 117) + 7